{"id":513,"date":"2016-05-11T13:48:44","date_gmt":"2016-05-11T13:48:44","guid":{"rendered":"http:\/\/wpoffice\/enfold-fitness\/?page_id=513"},"modified":"2026-03-30T11:29:41","modified_gmt":"2026-03-30T09:29:41","slug":"kontakt","status":"publish","type":"page","link":"https:\/\/www.3d-rendering24.de\/index.php\/kontakt\/","title":{"rendered":"Kontakt"},"content":{"rendered":"\n<style type=\"text\/css\" data-created_by=\"avia_inline_auto\" id=\"style-css-av-4ddvuh-a4c01bfab0411d991ddbdca07c2c5df4\">\n.avia-section.av-4ddvuh-a4c01bfab0411d991ddbdca07c2c5df4 .av-section-color-overlay{\nopacity:0.5;\nbackground-image:url(https:\/\/www.3d-rendering24.de\/wp-content\/themes\/enfold\/images\/background-images\/diagonal-thin-dark.png);\nbackground-repeat:repeat;\n}\n<\/style>\n<div id='av_section_1'  class='avia-section av-4ddvuh-a4c01bfab0411d991ddbdca07c2c5df4 main_color avia-section-large avia-no-border-styling  avia-builder-el-0  el_before_av_section  avia-builder-el-first  avia-bg-style-scroll av-section-color-overlay-active container_wrap sidebar_right'  ><div class=\"av-section-color-overlay-wrap\"><div class=\"av-section-color-overlay\"><\/div><div class='container av-section-cont-open' ><main  role=\"main\" itemprop=\"mainContentOfPage\"  class='template-page content  av-content-small alpha units'><div class='post-entry post-entry-type-page post-entry-513'><div class='entry-content-wrapper clearfix'>\n\n<style type=\"text\/css\" data-created_by=\"avia_inline_auto\" id=\"style-css-av-45inux-88a2f0a163ba79adffc4fc8fa16acb80\">\n#top .av-special-heading.av-45inux-88a2f0a163ba79adffc4fc8fa16acb80{\npadding-bottom:30px;\nfont-size:70px;\n}\nbody .av-special-heading.av-45inux-88a2f0a163ba79adffc4fc8fa16acb80 .av-special-heading-tag .heading-char{\nfont-size:25px;\n}\n#top #wrap_all .av-special-heading.av-45inux-88a2f0a163ba79adffc4fc8fa16acb80 .av-special-heading-tag{\nfont-size:70px;\n}\n.av-special-heading.av-45inux-88a2f0a163ba79adffc4fc8fa16acb80 .av-subheading{\nfont-size:15px;\n}\n\n@media only screen and (min-width: 480px) and (max-width: 767px){ \n#top #wrap_all .av-special-heading.av-45inux-88a2f0a163ba79adffc4fc8fa16acb80 .av-special-heading-tag{\nfont-size:0.8em;\n}\n}\n\n@media only screen and (max-width: 479px){ \n#top #wrap_all .av-special-heading.av-45inux-88a2f0a163ba79adffc4fc8fa16acb80 .av-special-heading-tag{\nfont-size:0.8em;\n}\n}\n<\/style>\n<div  class='av-special-heading av-45inux-88a2f0a163ba79adffc4fc8fa16acb80 av-special-heading-h1 blockquote modern-quote  avia-builder-el-1  el_before_av_one_half  avia-builder-el-first  av-thin-font av-inherit-size'><h1 class='av-special-heading-tag '  itemprop=\"headline\"  >Kontakt<strong>.<\/strong><\/h1><div class=\"special-heading-border\"><div class=\"special-heading-inner-border\"><\/div><\/div><\/div>\n\n<style type=\"text\/css\" data-created_by=\"avia_inline_auto\" id=\"style-css-av-3zytex-5c366c14ae39c71fec915f06354d2917\">\n.flex_column.av-3zytex-5c366c14ae39c71fec915f06354d2917{\nborder-radius:0px 0px 0px 0px;\npadding:0px 0px 0px 0px;\n}\n<\/style>\n<div  class='flex_column av-3zytex-5c366c14ae39c71fec915f06354d2917 av_one_half  avia-builder-el-2  el_after_av_heading  el_before_av_one_fourth  first flex_column_div av-zero-column-padding  '     ><section  class='av_textblock_section av-3xhtpl-041f06083a2edcbda554b257b0f1cf59 '   itemscope=\"itemscope\" itemtype=\"https:\/\/schema.org\/CreativeWork\" ><div class='avia_textblock'  itemprop=\"text\" ><p>Wir freuen und \u00fcber ihren Anruf oder Ihre Mail.<\/p>\n<p>Gerne erstellen wir Ihnen ein unverbindliches Angebot zu Ihren Produktw\u00fcnschen.<\/p>\n<p>Produkterstellung mit weltweiter Auslieferung.<\/p>\n<\/div><\/section><\/div>\n<style type=\"text\/css\" data-created_by=\"avia_inline_auto\" id=\"style-css-av-3osqvl-2d7f79f53faaf75c81a966db7818b52b\">\n.flex_column.av-3osqvl-2d7f79f53faaf75c81a966db7818b52b{\nborder-radius:0px 0px 0px 0px;\npadding:0px 0px 0px 0px;\n}\n<\/style>\n<div  class='flex_column av-3osqvl-2d7f79f53faaf75c81a966db7818b52b av_one_fourth  avia-builder-el-4  el_after_av_one_half  el_before_av_one_fourth  flex_column_div av-zero-column-padding  '     ><section  class='av_textblock_section av-3i5f4x-3092f15b1ecb9680bf6fe1bb85e37ff1 '   itemscope=\"itemscope\" itemtype=\"https:\/\/schema.org\/CreativeWork\" ><div class='avia_textblock'  itemprop=\"text\" ><p><strong>Adresse:<\/strong><br \/>\nBayerwaldstra\u00dfe 41<br \/>\n94169 Thurmansbang<\/p>\n<p>08544 &#8211; 97 20 639<br \/>\n0171-1207775<\/p>\n<p>info@3d-rendering24.de<\/p>\n<\/div><\/section><\/div>\n<style type=\"text\/css\" data-created_by=\"avia_inline_auto\" id=\"style-css-av-3dpi6x-56b9068f3b8dd6f54ccd46d6f4008f96\">\n.flex_column.av-3dpi6x-56b9068f3b8dd6f54ccd46d6f4008f96{\nborder-radius:0px 0px 0px 0px;\npadding:0px 0px 0px 0px;\n}\n<\/style>\n<div  class='flex_column av-3dpi6x-56b9068f3b8dd6f54ccd46d6f4008f96 av_one_fourth  avia-builder-el-6  el_after_av_one_fourth  avia-builder-el-last  flex_column_div av-zero-column-padding  '     ><section  class='av_textblock_section av-38sp81-3e28f54fa84eba58b3bfcbae157e02e1 '   itemscope=\"itemscope\" itemtype=\"https:\/\/schema.org\/CreativeWork\" ><div class='avia_textblock'  itemprop=\"text\" ><p><strong>\u00d6ffnungszeiten:<\/strong><br \/>\nMo-Fr: 9:00-17:00 Uhr<\/p>\n<p>Und nach Vereinbarung<\/p>\n<\/div><\/section><\/div>\n\n<\/div><\/div><\/main><!-- close content main element --><\/div><\/div><\/div>\n<style type=\"text\/css\" data-created_by=\"avia_inline_auto\" id=\"style-css-av-33w721-52743a10077cdb7100aa085063866e7b\">\n.avia-section.av-33w721-52743a10077cdb7100aa085063866e7b{\nbackground-repeat:no-repeat;\nbackground-image:url(https:\/\/www.3d-rendering24.de\/wp-content\/uploads\/2016\/02\/hero-2.jpg);\nbackground-position:50% 50%;\nbackground-attachment:fixed;\n}\n.avia-section.av-33w721-52743a10077cdb7100aa085063866e7b .av-section-color-overlay{\nopacity:0.8;\nbackground-color:#000000;\n}\n<\/style>\n<div id='av_section_2'  class='avia-section av-33w721-52743a10077cdb7100aa085063866e7b alternate_color avia-section-huge avia-no-border-styling  avia-builder-el-8  el_after_av_section  el_before_av_section  avia-full-stretch avia-bg-style-fixed av-section-color-overlay-active container_wrap sidebar_right'  data-section-bg-repeat='stretch'><div class=\"av-section-color-overlay-wrap\"><div class=\"av-section-color-overlay\"><\/div><div class='container av-section-cont-open' ><div class='template-page content  av-content-small alpha units'><div class='post-entry post-entry-type-page post-entry-513'><div class='entry-content-wrapper clearfix'>\n\n<style type=\"text\/css\" data-created_by=\"avia_inline_auto\" id=\"style-css-av-2xeyg9-78bb896f654878549226f916116559fd\">\n.flex_column.av-2xeyg9-78bb896f654878549226f916116559fd{\nborder-radius:0px 0px 0px 0px;\npadding:0px 0px 0px 0px;\n}\n<\/style>\n<div  class='flex_column av-2xeyg9-78bb896f654878549226f916116559fd av_three_fifth  avia-builder-el-9  el_before_av_two_fifth  avia-builder-el-first  first flex_column_div av-zero-column-padding  '     ><p>\n<style type=\"text\/css\" data-created_by=\"avia_inline_auto\" id=\"style-css-av-2shnqh-40f6340e648493c5c70ea8558bf008b9\">\n#top .av-special-heading.av-2shnqh-40f6340e648493c5c70ea8558bf008b9{\npadding-bottom:20px;\nfont-size:50px;\n}\nbody .av-special-heading.av-2shnqh-40f6340e648493c5c70ea8558bf008b9 .av-special-heading-tag .heading-char{\nfont-size:25px;\n}\n#top #wrap_all .av-special-heading.av-2shnqh-40f6340e648493c5c70ea8558bf008b9 .av-special-heading-tag{\nfont-size:50px;\n}\n.av-special-heading.av-2shnqh-40f6340e648493c5c70ea8558bf008b9 .av-subheading{\nfont-size:15px;\n}\n\n@media only screen and (min-width: 480px) and (max-width: 767px){ \n#top #wrap_all .av-special-heading.av-2shnqh-40f6340e648493c5c70ea8558bf008b9 .av-special-heading-tag{\nfont-size:0.8em;\n}\n}\n\n@media only screen and (max-width: 479px){ \n#top #wrap_all .av-special-heading.av-2shnqh-40f6340e648493c5c70ea8558bf008b9 .av-special-heading-tag{\nfont-size:0.8em;\n}\n}\n<\/style>\n<div  class='av-special-heading av-2shnqh-40f6340e648493c5c70ea8558bf008b9 av-special-heading-h1 blockquote modern-quote modern-centered  avia-builder-el-10  el_before_av_textblock  avia-builder-el-first  av-thin-font av-inherit-size'><h1 class='av-special-heading-tag '  itemprop=\"headline\"  >Ihre Anfrage<strong>.<\/strong><\/h1><div class=\"special-heading-border\"><div class=\"special-heading-inner-border\"><\/div><\/div><\/div><br \/>\n<section  class='av_textblock_section av-mnczlfqs-fffe300be58bc3ece234ba780a54dfdf '   itemscope=\"itemscope\" itemtype=\"https:\/\/schema.org\/CreativeWork\" ><div class='avia_textblock'  itemprop=\"text\" ><p>Mailadresse: <strong>info@3d-rendering24.de<\/strong><\/p>\n<\/div><\/section><\/p><\/div>\n<style type=\"text\/css\" data-created_by=\"avia_inline_auto\" id=\"style-css-av-1orfb5-093f24f141ffa9db15e948fad6da7e53\">\n.flex_column.av-1orfb5-093f24f141ffa9db15e948fad6da7e53{\nborder-radius:0px 0px 0px 0px;\npadding:0px 0px 0px 0px;\n}\n<\/style>\n<div  class='flex_column av-1orfb5-093f24f141ffa9db15e948fad6da7e53 av_two_fifth  avia-builder-el-12  el_after_av_three_fifth  avia-builder-el-last  flex_column_div av-zero-column-padding  '     ><p>\n<style type=\"text\/css\" data-created_by=\"avia_inline_auto\" id=\"style-css-av-1leznt-3801aec31d12cefa3e8915906f0e8e4d\">\n#top .av-special-heading.av-1leznt-3801aec31d12cefa3e8915906f0e8e4d{\npadding-bottom:20px;\nfont-size:50px;\n}\nbody .av-special-heading.av-1leznt-3801aec31d12cefa3e8915906f0e8e4d .av-special-heading-tag .heading-char{\nfont-size:25px;\n}\n#top #wrap_all .av-special-heading.av-1leznt-3801aec31d12cefa3e8915906f0e8e4d .av-special-heading-tag{\nfont-size:50px;\n}\n.av-special-heading.av-1leznt-3801aec31d12cefa3e8915906f0e8e4d .av-subheading{\nfont-size:15px;\n}\n\n@media only screen and (min-width: 480px) and (max-width: 767px){ \n#top #wrap_all .av-special-heading.av-1leznt-3801aec31d12cefa3e8915906f0e8e4d .av-special-heading-tag{\nfont-size:0.8em;\n}\n}\n\n@media only screen and (max-width: 479px){ \n#top #wrap_all .av-special-heading.av-1leznt-3801aec31d12cefa3e8915906f0e8e4d .av-special-heading-tag{\nfont-size:0.8em;\n}\n}\n<\/style>\n<div  class='av-special-heading av-1leznt-3801aec31d12cefa3e8915906f0e8e4d av-special-heading-h1 blockquote modern-quote modern-centered  avia-builder-el-13  el_before_av_image  avia-builder-el-first  av-thin-font av-inherit-size'><h1 class='av-special-heading-tag '  itemprop=\"headline\"  >F\u00fcr Sie<strong>&#8230;<\/strong><\/h1><div class=\"special-heading-border\"><div class=\"special-heading-inner-border\"><\/div><\/div><\/div><br \/>\n\n<style type=\"text\/css\" data-created_by=\"avia_inline_auto\" id=\"style-css-av-mjzspndc-5fa0d7325e4aedb6c2f71c82d3180f83\">\n.avia-image-container.av-mjzspndc-5fa0d7325e4aedb6c2f71c82d3180f83 img.avia_image{\nbox-shadow:none;\n}\n.avia-image-container.av-mjzspndc-5fa0d7325e4aedb6c2f71c82d3180f83 .av-image-caption-overlay-center{\ncolor:#ffffff;\n}\n<\/style>\n<div  class='avia-image-container av-mjzspndc-5fa0d7325e4aedb6c2f71c82d3180f83 av-styling- avia-align-center  avia-builder-el-14  el_after_av_heading  el_before_av_textblock '   itemprop=\"image\" itemscope=\"itemscope\" itemtype=\"https:\/\/schema.org\/ImageObject\" ><div class=\"avia-image-container-inner\"><div class=\"avia-image-overlay-wrap\"><img decoding=\"async\" fetchpriority=\"high\" class='wp-image-3553 avia-img-lazy-loading-not-3553 avia_image ' src=\"https:\/\/www.3d-rendering24.de\/wp-content\/uploads\/2026\/01\/IMG_20260104_120422-495x400.jpg\" alt='' title='IMG_20260104_120422'  height=\"400\" width=\"495\"  itemprop=\"thumbnailUrl\" srcset=\"https:\/\/www.3d-rendering24.de\/wp-content\/uploads\/2026\/01\/IMG_20260104_120422-495x400.jpg 495w, https:\/\/www.3d-rendering24.de\/wp-content\/uploads\/2026\/01\/IMG_20260104_120422-845x684.jpg 845w\" sizes=\"(max-width: 495px) 100vw, 495px\" \/><\/div><\/div><\/div><br \/>\n\n<style type=\"text\/css\" data-created_by=\"avia_inline_auto\" id=\"style-css-av-1hk3nt-ffc38fe7083c48e1911bdf36c6c88ae0\">\n#top .av_textblock_section.av-1hk3nt-ffc38fe7083c48e1911bdf36c6c88ae0 .avia_textblock{\ncolor:#ffffff;\n}\n<\/style>\n<section  class='av_textblock_section av-1hk3nt-ffc38fe7083c48e1911bdf36c6c88ae0 '   itemscope=\"itemscope\" itemtype=\"https:\/\/schema.org\/CreativeWork\" ><div class='avia_textblock av_inherit_color'  itemprop=\"text\" ><p>Wenn Sie Ihr Projekt visualisieren m\u00f6chten, schicken Sie uns am besten Infos zum Projekt und Ihre W\u00fcnsche (welche Produkte werden ben\u00f6tigt) zu.<\/p>\n<p>Wir ermitteln den Umfang und den Zeitbedarf f\u00fcr die Realisierung.<\/p>\n<p>Im Anschluss erhalten Sie unser <strong>unverbindliches Angebot<\/strong>.<\/p>\n<p>Wenn Ihnen unser Angebot entspricht, k\u00f6nnen wir gerne auch telefonisch alle Details besprechen.<\/p>\n<p>Im Falle der Auftragserteilung erhalten Sie von uns <strong>sofort eine schriftliche Auftragsbest\u00e4tigung<\/strong>.<\/p>\n<p><strong>Weltweite Nutzungslizenz inklusive<\/strong><br \/>\nF\u00fcr alle erstellten Produkte erhalten Sie eine individuelle, <strong>weltweit g\u00fcltige Nutzungslizenz.<\/strong><\/p>\n<\/div><\/section><\/p><\/div><\/div><\/div><\/div><!-- close content main div --><\/div><\/div><\/div><div id='av_section_3'  class='avia-section av-1aco5l-b82ad25b5eee43a32985bddca28a0280 main_color avia-section-large avia-no-border-styling  avia-builder-el-16  el_after_av_section  el_before_av_textblock  avia-bg-style-scroll container_wrap sidebar_right'  ><div class='container av-section-cont-open' ><div class='template-page content  av-content-small alpha units'><div class='post-entry post-entry-type-page post-entry-513'><div class='entry-content-wrapper clearfix'>\n\n<style type=\"text\/css\" data-created_by=\"avia_inline_auto\" id=\"style-css-av-mj3z4rdv-9358a75f2f49c0bc8881b4e1395f1374\">\n#top .av-special-heading.av-mj3z4rdv-9358a75f2f49c0bc8881b4e1395f1374{\npadding-bottom:10px;\n}\nbody .av-special-heading.av-mj3z4rdv-9358a75f2f49c0bc8881b4e1395f1374 .av-special-heading-tag .heading-char{\nfont-size:25px;\n}\n.av-special-heading.av-mj3z4rdv-9358a75f2f49c0bc8881b4e1395f1374 .av-subheading{\nfont-size:15px;\n}\n<\/style>\n<div  class='av-special-heading av-mj3z4rdv-9358a75f2f49c0bc8881b4e1395f1374 av-special-heading-h3  avia-builder-el-17  el_before_av_codeblock  avia-builder-el-first '><h3 class='av-special-heading-tag '  itemprop=\"headline\"  >Unser Standort<\/h3><div class=\"special-heading-border\"><div class=\"special-heading-inner-border\"><\/div><\/div><\/div>\n\n<\/div><\/div><\/div><!-- close content main div --><\/div><\/div><div id='after_section_3'  class='main_color av_default_container_wrap container_wrap sidebar_right'  ><div class='container av-section-cont-open' ><div class='template-page content  av-content-small alpha units'><div class='post-entry post-entry-type-page post-entry-513'><div class='entry-content-wrapper clearfix'><\/p>\n<section  class='av_textblock_section av-av_textblock-12ff8436376b858bd51de5f71e68c6e7 '   itemscope=\"itemscope\" itemtype=\"https:\/\/schema.org\/CreativeWork\" ><div class='avia_textblock'  itemprop=\"text\" ><p>Klicke hier, um Ihren eigenen Text einzuf\u00fcgen<\/p>\n<\/div><\/section>\n","protected":false},"excerpt":{"rendered":"","protected":false},"author":1,"featured_media":0,"parent":0,"menu_order":0,"comment_status":"closed","ping_status":"closed","template":"","meta":{"footnotes":""},"class_list":["post-513","page","type-page","status-publish","hentry"],"_links":{"self":[{"href":"https:\/\/www.3d-rendering24.de\/index.php\/wp-json\/wp\/v2\/pages\/513","targetHints":{"allow":["GET"]}}],"collection":[{"href":"https:\/\/www.3d-rendering24.de\/index.php\/wp-json\/wp\/v2\/pages"}],"about":[{"href":"https:\/\/www.3d-rendering24.de\/index.php\/wp-json\/wp\/v2\/types\/page"}],"author":[{"embeddable":true,"href":"https:\/\/www.3d-rendering24.de\/index.php\/wp-json\/wp\/v2\/users\/1"}],"replies":[{"embeddable":true,"href":"https:\/\/www.3d-rendering24.de\/index.php\/wp-json\/wp\/v2\/comments?post=513"}],"version-history":[{"count":41,"href":"https:\/\/www.3d-rendering24.de\/index.php\/wp-json\/wp\/v2\/pages\/513\/revisions"}],"predecessor-version":[{"id":3617,"href":"https:\/\/www.3d-rendering24.de\/index.php\/wp-json\/wp\/v2\/pages\/513\/revisions\/3617"}],"wp:attachment":[{"href":"https:\/\/www.3d-rendering24.de\/index.php\/wp-json\/wp\/v2\/media?parent=513"}],"curies":[{"name":"wp","href":"https:\/\/api.w.org\/{rel}","templated":true}]}}